{"id":4772,"date":"2020-02-05T16:42:50","date_gmt":"2020-02-05T15:42:50","guid":{"rendered":"https:\/\/www.belmontevacanze.com\/?page_id=4772"},"modified":"2020-02-05T16:55:32","modified_gmt":"2020-02-05T15:55:32","slug":"vandretur-langs-floden-egola","status":"publish","type":"page","link":"https:\/\/www.belmontevacanze.com\/da\/vandretur-langs-floden-egola\/","title":{"rendered":"VANDRETUR LANGS FLODEN EGOLA"},"content":{"rendered":"<div id='full_slider_1'  class='avia-fullwidth-slider main_color avia-shadow   avia-builder-el-0  el_before_av_one_half  avia-builder-el-first   container_wrap fullsize'  ><div  class='avia-slideshow av-av_slideshow_full-f019fe5186694bc7a3f1fcc14ea05803 avia-slideshow-featured av_slideshow_full avia-slide-slider av-slideshow-ui av-control-default av-slideshow-manual av-loop-once av-loop-manual-endless av-default-height-applied  image_no_stretch avia-slideshow-1' data-slideshow-options=\"{&quot;animation&quot;:&quot;slide&quot;,&quot;autoplay&quot;:false,&quot;loop_autoplay&quot;:&quot;once&quot;,&quot;interval&quot;:100,&quot;loop_manual&quot;:&quot;manual-endless&quot;,&quot;autoplay_stopper&quot;:false,&quot;noNavigation&quot;:false,&quot;bg_slider&quot;:false,&quot;keep_padding&quot;:false,&quot;hoverpause&quot;:false,&quot;show_slide_delay&quot;:0}\"  itemprop=\"image\" itemscope=\"itemscope\" itemtype=\"https:\/\/schema.org\/ImageObject\" ><ul class='avia-slideshow-inner ' style='padding-bottom: 41.747572815534%;'><li  class='avia-slideshow-slide av-av_slideshow_full-f019fe5186694bc7a3f1fcc14ea05803__0  av-single-slide slide-1 slide-odd'><div data-rel='slideshow-1' class='avia-slide-wrap '   ><img decoding=\"async\" fetchpriority=\"high\" class=\"wp-image-4363 avia-img-lazy-loading-not-4363\"  src=\"https:\/\/www.belmontevacanze.com\/wp-content\/uploads\/2019\/12\/hiking-egola-e1576693733245-1030x430.png\" width=\"1030\" height=\"430\" title='hiking egola' alt=''  itemprop=\"thumbnailUrl\"   \/><\/div><\/li><\/ul><\/div><\/div><div id='after_full_slider_1'  class='main_color av_default_container_wrap container_wrap fullsize'  ><div class='container av-section-cont-open' ><div class='template-page content  av-content-full alpha units'><div class='post-entry post-entry-type-page post-entry-4772'><div class='entry-content-wrapper clearfix'>\n\n<style type=\"text\/css\" data-created_by=\"avia_inline_auto\" id=\"style-css-av-av_one_half-15d750bd1b332b34c6e70b077ebbccdf\">\n.flex_column.av-av_one_half-15d750bd1b332b34c6e70b077ebbccdf{\nborder-radius:0px 0px 0px 0px;\npadding:0px 0px 0px 0px;\n}\n<\/style>\n<div  class='flex_column av-av_one_half-15d750bd1b332b34c6e70b077ebbccdf av_one_half  avia-builder-el-1  el_after_av_slideshow_full  el_before_av_one_half  avia-builder-el-first  first flex_column_div av-zero-column-padding  '     ><article  class='iconbox iconbox_top av-av_icon_box-d7d0ae8e72c5dc9ef79aa73b68896c95  avia-builder-el-2  avia-builder-el-no-sibling  main_color'  itemscope=\"itemscope\" itemtype=\"https:\/\/schema.org\/CreativeWork\" ><div class=\"iconbox_content\"><header class=\"entry-content-header\" aria-label=\"Icon: INFO OM EKSURSIONEN TIL EGOL\"><div class=\"iconbox_icon heading-color\" aria-hidden='true' data-av_icon='\ue81f' data-av_iconfont='entypo-fontello'><\/div><h3 class='iconbox_content_title '  itemprop=\"headline\" >INFO OM EKSURSIONEN TIL EGOL<\/h3><\/header><div class='iconbox_content_container '  itemprop=\"text\" ><p style=\"text-align: center;\"><strong>Ugedag<\/strong>: Tirsdag<\/p>\n<p style=\"text-align: center;\"><strong>Tilmelding inden<\/strong>: Mandag kl. 10:00<\/p>\n<p style=\"text-align: center;\"><strong>Min. \u2013 maks. antal deltagere<\/strong>: 6-20<\/p>\n<p style=\"text-align: center;\"><strong>Min. alder<\/strong>: 10 \u00e5r<\/p>\n<p style=\"text-align: center;\"><strong>Pris<\/strong>: 13 \u20ac pr. person<br \/>\n___________________________________<\/p>\n<p style=\"text-align: center;\"><strong>M\u00f8dested<\/strong>: Montaione \u2013 Piazza Gramsci kl. 09:00<\/p>\n<p style=\"text-align: center;\"><strong>Varighed<\/strong>: 2,5 &#8211; 3 timer<\/p>\n<p style=\"text-align: center;\"><strong>Turens l\u00e6ngde<\/strong>: ca. 9 km<\/p>\n<p style=\"text-align: center;\"><strong>Niveau<\/strong>: let \u00f8vede<\/p>\n<p style=\"text-align: center;\"><strong>H\u00f8jdeforskel<\/strong>: 260 meter<\/p>\n<p style=\"text-align: center;\"><strong>Du skal bruge<\/strong>: gode sko, solcreme og drikkevand (1,5 liter pr. person), noget spiseligt med h\u00f8jt energiindhold<\/p>\n<\/div><\/div><footer class=\"entry-footer\"><\/footer><\/article><\/div>\n<style type=\"text\/css\" data-created_by=\"avia_inline_auto\" id=\"style-css-av-av_one_half-c8fc129dc35fd1ae2a1e410224d39ea8\">\n.flex_column.av-av_one_half-c8fc129dc35fd1ae2a1e410224d39ea8{\nborder-radius:0px 0px 0px 0px;\npadding:0px 0px 0px 0px;\n}\n<\/style>\n<div  class='flex_column av-av_one_half-c8fc129dc35fd1ae2a1e410224d39ea8 av_one_half  avia-builder-el-3  el_after_av_one_half  avia-builder-el-last  flex_column_div av-zero-column-padding  '     ><section  class='av_textblock_section av-av_textblock-2de302bf1aa3cf4c9157dbe6f50ac7eb '   itemscope=\"itemscope\" itemtype=\"https:\/\/schema.org\/CreativeWork\" ><div class='avia_textblock'  itemprop=\"text\" ><h3 style=\"text-align: center;\">TURBESKRIVELSE<\/h3>\n<p>M\u00f8destedet er parkeringen i Piazza Gramsci i Montaione, hvor du nemt kan parkere din bil. Vi m\u00f8des tirsdag morgen kl. 09:00.<br \/>\n<strong>Turens samlede l\u00e6ngde er p\u00e5 ca. 9 km og den tager ca. 3 timer<\/strong>. St\u00f8rstedelen af turen kommer til at foreg\u00e5 p\u00e5 skyggebelagte stier og derfor er der tale om en vandretur, der ogs\u00e5 om sommeren er egnet for mindre erfarne vandrere. Gode vandresko anbefales under alle omst\u00e6ndigheder.<br \/>\nFra vores m\u00f8dested vil <strong>vi begynde nedstigningen mod floden Egola<\/strong>, mens vi lader landsbyen bag os og vandrer ned ad stierne, der l\u00f8ber langs de typiske toscanske olivenlunde. Efter at have n\u00e5et <strong>Egola-dalen<\/strong> forts\u00e6tter vi langs floden som vi krydser flere gange, mens vi nyder den <strong>fredfyldte natur<\/strong> omkring os. Om for\u00e5ret og efter\u00e5ret vil flodens vandstand v\u00e6re h\u00f8jere, men dette \u00e6ndrer ikke ved stedets specielle atmosf\u00e6re og karakter der skabes af stedets unikke og smukke flora og fauna.<br \/>\nEfter at have g\u00e5et et stykke op ad bakke n\u00e5r vi frem til den romerske cisterne, et vigtigt ark\u00e6ologisk levn fra fortiden, hvorfra du kan nyde en af de bedste udsigter over <strong>landsbyen Montaione<\/strong> og det <strong>omkringliggende landskab<\/strong>. En anden sti gennem egeskove f\u00f8rer os tilbage til landsbyen, og kun den allersidste del af turen foreg\u00e5r p\u00e5 asfaltbelagt vej inden vi n\u00e5r frem til rundk\u00f8rslen i Montaione. Herfra varer turen endnu 15 minutter, inden vi n\u00e5r frem til vores udgangspunkt. For at afslutte vores vandretur p\u00e5 bedste vis vil der v\u00e6re mulighed for i f\u00e6llesskab at nyde <strong>en is eller en cappuccino Montaione<\/strong>.<\/p>\n<\/div><\/section><\/div><\/p>\n","protected":false},"excerpt":{"rendered":"","protected":false},"author":3,"featured_media":0,"parent":0,"menu_order":0,"comment_status":"closed","ping_status":"closed","template":"","meta":{"footnotes":""},"class_list":["post-4772","page","type-page","status-publish","hentry"],"_links":{"self":[{"href":"https:\/\/www.belmontevacanze.com\/da\/wp-json\/wp\/v2\/pages\/4772","targetHints":{"allow":["GET"]}}],"collection":[{"href":"https:\/\/www.belmontevacanze.com\/da\/wp-json\/wp\/v2\/pages"}],"about":[{"href":"https:\/\/www.belmontevacanze.com\/da\/wp-json\/wp\/v2\/types\/page"}],"author":[{"embeddable":true,"href":"https:\/\/www.belmontevacanze.com\/da\/wp-json\/wp\/v2\/users\/3"}],"replies":[{"embeddable":true,"href":"https:\/\/www.belmontevacanze.com\/da\/wp-json\/wp\/v2\/comments?post=4772"}],"version-history":[{"count":6,"href":"https:\/\/www.belmontevacanze.com\/da\/wp-json\/wp\/v2\/pages\/4772\/revisions"}],"predecessor-version":[{"id":4777,"href":"https:\/\/www.belmontevacanze.com\/da\/wp-json\/wp\/v2\/pages\/4772\/revisions\/4777"}],"wp:attachment":[{"href":"https:\/\/www.belmontevacanze.com\/da\/wp-json\/wp\/v2\/media?parent=4772"}],"curies":[{"name":"wp","href":"https:\/\/api.w.org\/{rel}","templated":true}]}}

<div id='full_slider_1'  class='avia-fullwidth-slider main_color avia-shadow   avia-builder-el-0  el_before_av_one_half  avia-builder-el-first   container_wrap fullsize'  ><div  class='avia-slideshow av-av_slideshow_full-f019fe5186694bc7a3f1fcc14ea05803 avia-slideshow-featured av_slideshow_full avia-slide-slider av-slideshow-ui av-control-default av-slideshow-manual av-loop-once av-loop-manual-endless av-default-height-applied  image_no_stretch avia-slideshow-1' data-slideshow-options="{&quot;animation&quot;:&quot;slide&quot;,&quot;autoplay&quot;:false,&quot;loop_autoplay&quot;:&quot;once&quot;,&quot;interval&quot;:100,&quot;loop_manual&quot;:&quot;manual-endless&quot;,&quot;autoplay_stopper&quot;:false,&quot;noNavigation&quot;:false,&quot;bg_slider&quot;:false,&quot;keep_padding&quot;:false,&quot;hoverpause&quot;:false,&quot;show_slide_delay&quot;:0}"  itemprop="image" itemscope="itemscope" itemtype="https://schema.org/ImageObject" ><ul class='avia-slideshow-inner ' style='padding-bottom: 41.747572815534%;'><li  class='avia-slideshow-slide av-av_slideshow_full-f019fe5186694bc7a3f1fcc14ea05803__0  av-single-slide slide-1 slide-odd'><div data-rel='slideshow-1' class='avia-slide-wrap '   ><img decoding="async" fetchpriority="high" class="wp-image-4363 avia-img-lazy-loading-not-4363"  src="https://www.belmontevacanze.com/wp-content/uploads/2019/12/hiking-egola-e1576693733245-1030x430.png" width="1030" height="430" title='hiking egola' alt=''  itemprop="thumbnailUrl"   /></div></li></ul></div></div><div id='after_full_slider_1'  class='main_color av_default_container_wrap container_wrap fullsize'  ><div class='container av-section-cont-open' ><div class='template-page content  av-content-full alpha units'><div class='post-entry post-entry-type-page post-entry-4772'><div class='entry-content-wrapper clearfix'>

<style type="text/css" data-created_by="avia_inline_auto" id="style-css-av-av_one_half-15d750bd1b332b34c6e70b077ebbccdf">
.flex_column.av-av_one_half-15d750bd1b332b34c6e70b077ebbccdf{
border-radius:0px 0px 0px 0px;
padding:0px 0px 0px 0px;
}
</style>
<div  class='flex_column av-av_one_half-15d750bd1b332b34c6e70b077ebbccdf av_one_half  avia-builder-el-1  el_after_av_slideshow_full  el_before_av_one_half  avia-builder-el-first  first flex_column_div av-zero-column-padding  '     ><article  class='iconbox iconbox_top av-av_icon_box-d7d0ae8e72c5dc9ef79aa73b68896c95  avia-builder-el-2  avia-builder-el-no-sibling  main_color'  itemscope="itemscope" itemtype="https://schema.org/CreativeWork" ><div class="iconbox_content"><header class="entry-content-header" aria-label="Icon: INFO OM EKSURSIONEN TIL EGOL"><div class="iconbox_icon heading-color" aria-hidden='true' data-av_icon='' data-av_iconfont='entypo-fontello'></div><h3 class='iconbox_content_title '  itemprop="headline" >INFO OM EKSURSIONEN TIL EGOL</h3></header><div class='iconbox_content_container '  itemprop="text" ><p style="text-align: center;"><strong>Ugedag</strong>: Tirsdag</p>
<p style="text-align: center;"><strong>Tilmelding inden</strong>: Mandag kl. 10:00</p>
<p style="text-align: center;"><strong>Min. – maks. antal deltagere</strong>: 6-20</p>
<p style="text-align: center;"><strong>Min. alder</strong>: 10 år</p>
<p style="text-align: center;"><strong>Pris</strong>: 13 € pr. person<br />
___________________________________</p>
<p style="text-align: center;"><strong>Mødested</strong>: Montaione – Piazza Gramsci kl. 09:00</p>
<p style="text-align: center;"><strong>Varighed</strong>: 2,5 &#8211; 3 timer</p>
<p style="text-align: center;"><strong>Turens længde</strong>: ca. 9 km</p>
<p style="text-align: center;"><strong>Niveau</strong>: let øvede</p>
<p style="text-align: center;"><strong>Højdeforskel</strong>: 260 meter</p>
<p style="text-align: center;"><strong>Du skal bruge</strong>: gode sko, solcreme og drikkevand (1,5 liter pr. person), noget spiseligt med højt energiindhold</p>
</div></div><footer class="entry-footer"></footer></article></div>
<style type="text/css" data-created_by="avia_inline_auto" id="style-css-av-av_one_half-c8fc129dc35fd1ae2a1e410224d39ea8">
.flex_column.av-av_one_half-c8fc129dc35fd1ae2a1e410224d39ea8{
border-radius:0px 0px 0px 0px;
padding:0px 0px 0px 0px;
}
</style>
<div  class='flex_column av-av_one_half-c8fc129dc35fd1ae2a1e410224d39ea8 av_one_half  avia-builder-el-3  el_after_av_one_half  avia-builder-el-last  flex_column_div av-zero-column-padding  '     ><section  class='av_textblock_section av-av_textblock-2de302bf1aa3cf4c9157dbe6f50ac7eb '   itemscope="itemscope" itemtype="https://schema.org/CreativeWork" ><div class='avia_textblock'  itemprop="text" ><h3 style="text-align: center;">TURBESKRIVELSE</h3>
<p>Mødestedet er parkeringen i Piazza Gramsci i Montaione, hvor du nemt kan parkere din bil. Vi mødes tirsdag morgen kl. 09:00.<br />
<strong>Turens samlede længde er på ca. 9 km og den tager ca. 3 timer</strong>. Størstedelen af turen kommer til at foregå på skyggebelagte stier og derfor er der tale om en vandretur, der også om sommeren er egnet for mindre erfarne vandrere. Gode vandresko anbefales under alle omstændigheder.<br />
Fra vores mødested vil <strong>vi begynde nedstigningen mod floden Egola</strong>, mens vi lader landsbyen bag os og vandrer ned ad stierne, der løber langs de typiske toscanske olivenlunde. Efter at have nået <strong>Egola-dalen</strong> fortsætter vi langs floden som vi krydser flere gange, mens vi nyder den <strong>fredfyldte natur</strong> omkring os. Om foråret og efteråret vil flodens vandstand være højere, men dette ændrer ikke ved stedets specielle atmosfære og karakter der skabes af stedets unikke og smukke flora og fauna.<br />
Efter at have gået et stykke op ad bakke når vi frem til den romerske cisterne, et vigtigt arkæologisk levn fra fortiden, hvorfra du kan nyde en af de bedste udsigter over <strong>landsbyen Montaione</strong> og det <strong>omkringliggende landskab</strong>. En anden sti gennem egeskove fører os tilbage til landsbyen, og kun den allersidste del af turen foregår på asfaltbelagt vej inden vi når frem til rundkørslen i Montaione. Herfra varer turen endnu 15 minutter, inden vi når frem til vores udgangspunkt. For at afslutte vores vandretur på bedste vis vil der være mulighed for i fællesskab at nyde <strong>en is eller en cappuccino Montaione</strong>.</p>
</div></section></div></p>
