{"id":4576,"date":"2019-12-18T19:21:16","date_gmt":"2019-12-18T18:21:16","guid":{"rendered":"https:\/\/www.belmontevacanze.com\/escursione-lungo-il-fiume-egola\/"},"modified":"2023-07-14T17:29:37","modified_gmt":"2023-07-14T15:29:37","slug":"ausflug-fluss-egola","status":"publish","type":"page","link":"https:\/\/www.belmontevacanze.com\/de\/ausflug-fluss-egola\/","title":{"rendered":"AUSFLUG ENTLANG DES FLUSSES EGOLA"},"content":{"rendered":"<div id='full_slider_1'  class='avia-fullwidth-slider main_color avia-shadow   avia-builder-el-0  el_before_av_one_half  avia-builder-el-first   container_wrap fullsize'  ><div  class='avia-slideshow av-av_slideshow_full-f019fe5186694bc7a3f1fcc14ea05803 avia-slideshow-featured av_slideshow_full avia-slide-slider av-slideshow-ui av-control-default av-slideshow-manual av-loop-once av-loop-manual-endless av-default-height-applied  image_no_stretch avia-slideshow-1' data-slideshow-options=\"{&quot;animation&quot;:&quot;slide&quot;,&quot;autoplay&quot;:false,&quot;loop_autoplay&quot;:&quot;once&quot;,&quot;interval&quot;:100,&quot;loop_manual&quot;:&quot;manual-endless&quot;,&quot;autoplay_stopper&quot;:false,&quot;noNavigation&quot;:false,&quot;bg_slider&quot;:false,&quot;keep_padding&quot;:false,&quot;hoverpause&quot;:false,&quot;show_slide_delay&quot;:0}\"  itemprop=\"image\" itemscope=\"itemscope\" itemtype=\"https:\/\/schema.org\/ImageObject\" ><ul class='avia-slideshow-inner ' style='padding-bottom: 41.747572815534%;'><li  class='avia-slideshow-slide av-av_slideshow_full-f019fe5186694bc7a3f1fcc14ea05803__0  av-single-slide slide-1 slide-odd'><div data-rel='slideshow-1' class='avia-slide-wrap '   ><img decoding=\"async\" fetchpriority=\"high\" class=\"wp-image-4363 avia-img-lazy-loading-not-4363\"  src=\"https:\/\/www.belmontevacanze.com\/wp-content\/uploads\/2019\/12\/hiking-egola-e1576693733245-1030x430.png\" width=\"1030\" height=\"430\" title='hiking egola' alt=''  itemprop=\"thumbnailUrl\"   \/><\/div><\/li><\/ul><\/div><\/div><div id='after_full_slider_1'  class='main_color av_default_container_wrap container_wrap fullsize'  ><div class='container av-section-cont-open' ><div class='template-page content  av-content-full alpha units'><div class='post-entry post-entry-type-page post-entry-4576'><div class='entry-content-wrapper clearfix'>\n\n<style type=\"text\/css\" data-created_by=\"avia_inline_auto\" id=\"style-css-av-av_one_half-15d750bd1b332b34c6e70b077ebbccdf\">\n.flex_column.av-av_one_half-15d750bd1b332b34c6e70b077ebbccdf{\nborder-radius:0px 0px 0px 0px;\npadding:0px 0px 0px 0px;\n}\n<\/style>\n<div  class='flex_column av-av_one_half-15d750bd1b332b34c6e70b077ebbccdf av_one_half  avia-builder-el-1  el_after_av_slideshow_full  el_before_av_one_half  avia-builder-el-first  first flex_column_div av-zero-column-padding  '     ><article  class='iconbox iconbox_top av-av_icon_box-0000e181533b844b9add1b6b91a39126  avia-builder-el-2  avia-builder-el-no-sibling  main_color'  itemscope=\"itemscope\" itemtype=\"https:\/\/schema.org\/CreativeWork\" ><div class=\"iconbox_content\"><header class=\"entry-content-header\" aria-label=\"Icon: INFOS AUSFLUG EGOLA\"><div class=\"iconbox_icon heading-color\" aria-hidden='true' data-av_icon='\ue81f' data-av_iconfont='entypo-fontello'><\/div><h3 class='iconbox_content_title '  itemprop=\"headline\" >INFOS AUSFLUG EGOLA<\/h3><\/header><div class='iconbox_content_container '  itemprop=\"text\" ><p style=\"text-align: center;\"><strong>Geplanter Tag<\/strong>: Dienstag<\/p>\n<p><strong>Buchungsbest\u00e4tigung bis<\/strong>: Montag 10:00 Uhr<\/p>\n<p><strong>Min. \u2013 Max. Teilnehmer<\/strong>: 6-20<\/p>\n<p><strong>Altersgrenze<\/strong>: min. 10 Jahre<\/p>\n<p><strong>Preis<\/strong>: 13 \u20ac pro Person<br \/>\n___________________________________<\/p>\n<p><strong>Treffpunkt<\/strong>: Montaione \u2013 Piazza Gramsci 09:00 Uhr<\/p>\n<p><strong>Dauer<\/strong>: 2,5 \/ 3 Stunden ca.<\/p>\n<p><strong>Entfernung<\/strong>: ca. 9 km<\/p>\n<p><strong>Schwierigkeitsgrad<\/strong>: Mittelschwer<\/p>\n<p><strong>H\u00f6he<\/strong>: ca. 260 Meter<\/p>\n<p><strong>Was Sie brauchen werden<\/strong>: Feste Schuhe, Sonnencreme, Trinkwasser (1,5 Liter pro Person), etwas energiespendendes zu essen.<\/p>\n<\/div><\/div><footer class=\"entry-footer\"><\/footer><\/article><\/div>\n\n<style type=\"text\/css\" data-created_by=\"avia_inline_auto\" id=\"style-css-av-av_one_half-c8fc129dc35fd1ae2a1e410224d39ea8\">\n.flex_column.av-av_one_half-c8fc129dc35fd1ae2a1e410224d39ea8{\nborder-radius:0px 0px 0px 0px;\npadding:0px 0px 0px 0px;\n}\n<\/style>\n<div  class='flex_column av-av_one_half-c8fc129dc35fd1ae2a1e410224d39ea8 av_one_half  avia-builder-el-3  el_after_av_one_half  avia-builder-el-last  flex_column_div av-zero-column-padding  '     ><section  class='av_textblock_section av-lgwny386-dd593c4e2c42dee05bae639eeead48dd '   itemscope=\"itemscope\" itemtype=\"https:\/\/schema.org\/CreativeWork\" ><div class='avia_textblock'  itemprop=\"text\" ><h3 style=\"text-align: center;\">BESCHREIBUNG DER TOUR<\/h3>\n<p>Treffpunkt ist der Parkplatz in Montaione, Piazza Gramsci, hier k\u00f6nne Sie auch das Auto parken. Wir treffen uns Dienstag um 9.00 Uhr.<br \/>\nWir werden eine <strong>Entfernung von insgesamt ca. 9 km<\/strong> zur\u00fccklegen, in ca. 3 Stunden. Der gr\u00f6\u00dfte Teil der Wanderung verl\u00e4uft \u00fcber schattige Wege. Deswegen ist dieser Ausflug selbst im Hochsommer auch f\u00fcr wenig erfahrene Teilnehmer geeignet. Trotzdem empfehlen wir starke Schuhe.<br \/>\nVon unserem Treffpunkt aus laufen wir bergab bis zum <strong>Fluss Egola<\/strong> und lassen das Dorf hinter uns, ein Weg der an typischen, toskanischen Olivenhainen vorbeif\u00fchrt. Nachdem wir das <strong>Tal des Egola<\/strong> erreicht haben, gehen wir am Flussufer entlang. Wir werden den Fluss ein paar Mal durchqueren und <strong>die ruhige Natur ringsum genie\u00dfen<\/strong>. Im Sommer flie\u00dft zwar weniger Wasser als im <strong><a href=\"https:\/\/www.belmontevacanze.com\/de\/fruehling-in-der-toskana\/\">Fr\u00fchling<\/a><\/strong> und im <strong><a href=\"https:\/\/www.belmontevacanze.com\/de\/toskana-im-herbst\/\">Herbst<\/a><\/strong>, aber die Atmosph\u00e4re und der besondere Charakter des Ausflugs bleiben, besonders dank der <strong>einzigartigen Flora und Fauna<\/strong> dieser Umgebung.<br \/>\nNach einer Strecke bergauf erreichen wir die <strong>r\u00f6mische Zisterne<\/strong>, eine wichtige arch\u00e4ologische St\u00e4tte von Montaione. Von hier aus kann man einen der besten Panoramablicke \u00fcber das Dorf und dessen Umgebung genie\u00dfen. Wir kehren \u00fcber einen anderen Weg zur\u00fcck, dieser f\u00fchrt durch unsere Eichenw\u00e4lder. Nur die letzte Strecke ist auf Asphalt, bis zum Kreisverkehr von Montaione. Von hier aus erreichen wir den Startpunkt in nur 15 Minuten wieder. Um uns das Ende des Ausflugs zu vers\u00fc\u00dfen k\u00f6nnen wir in Montaione noch <strong>ein Eis oder einen Cappuccino zusammen genie\u00dfen<\/strong>.<\/p>\n<\/div><\/section><\/div>\n","protected":false},"excerpt":{"rendered":"","protected":false},"author":3,"featured_media":0,"parent":0,"menu_order":0,"comment_status":"closed","ping_status":"closed","template":"","meta":{"footnotes":""},"class_list":["post-4576","page","type-page","status-publish","hentry"],"_links":{"self":[{"href":"https:\/\/www.belmontevacanze.com\/de\/wp-json\/wp\/v2\/pages\/4576","targetHints":{"allow":["GET"]}}],"collection":[{"href":"https:\/\/www.belmontevacanze.com\/de\/wp-json\/wp\/v2\/pages"}],"about":[{"href":"https:\/\/www.belmontevacanze.com\/de\/wp-json\/wp\/v2\/types\/page"}],"author":[{"embeddable":true,"href":"https:\/\/www.belmontevacanze.com\/de\/wp-json\/wp\/v2\/users\/3"}],"replies":[{"embeddable":true,"href":"https:\/\/www.belmontevacanze.com\/de\/wp-json\/wp\/v2\/comments?post=4576"}],"version-history":[{"count":9,"href":"https:\/\/www.belmontevacanze.com\/de\/wp-json\/wp\/v2\/pages\/4576\/revisions"}],"predecessor-version":[{"id":10906,"href":"https:\/\/www.belmontevacanze.com\/de\/wp-json\/wp\/v2\/pages\/4576\/revisions\/10906"}],"wp:attachment":[{"href":"https:\/\/www.belmontevacanze.com\/de\/wp-json\/wp\/v2\/media?parent=4576"}],"curies":[{"name":"wp","href":"https:\/\/api.w.org\/{rel}","templated":true}]}}

<div id='full_slider_1'  class='avia-fullwidth-slider main_color avia-shadow   avia-builder-el-0  el_before_av_one_half  avia-builder-el-first   container_wrap fullsize'  ><div  class='avia-slideshow av-av_slideshow_full-f019fe5186694bc7a3f1fcc14ea05803 avia-slideshow-featured av_slideshow_full avia-slide-slider av-slideshow-ui av-control-default av-slideshow-manual av-loop-once av-loop-manual-endless av-default-height-applied  image_no_stretch avia-slideshow-1' data-slideshow-options="{&quot;animation&quot;:&quot;slide&quot;,&quot;autoplay&quot;:false,&quot;loop_autoplay&quot;:&quot;once&quot;,&quot;interval&quot;:100,&quot;loop_manual&quot;:&quot;manual-endless&quot;,&quot;autoplay_stopper&quot;:false,&quot;noNavigation&quot;:false,&quot;bg_slider&quot;:false,&quot;keep_padding&quot;:false,&quot;hoverpause&quot;:false,&quot;show_slide_delay&quot;:0}"  itemprop="image" itemscope="itemscope" itemtype="https://schema.org/ImageObject" ><ul class='avia-slideshow-inner ' style='padding-bottom: 41.747572815534%;'><li  class='avia-slideshow-slide av-av_slideshow_full-f019fe5186694bc7a3f1fcc14ea05803__0  av-single-slide slide-1 slide-odd'><div data-rel='slideshow-1' class='avia-slide-wrap '   ><img decoding="async" fetchpriority="high" class="wp-image-4363 avia-img-lazy-loading-not-4363"  src="https://www.belmontevacanze.com/wp-content/uploads/2019/12/hiking-egola-e1576693733245-1030x430.png" width="1030" height="430" title='hiking egola' alt=''  itemprop="thumbnailUrl"   /></div></li></ul></div></div><div id='after_full_slider_1'  class='main_color av_default_container_wrap container_wrap fullsize'  ><div class='container av-section-cont-open' ><div class='template-page content  av-content-full alpha units'><div class='post-entry post-entry-type-page post-entry-4576'><div class='entry-content-wrapper clearfix'>

<style type="text/css" data-created_by="avia_inline_auto" id="style-css-av-av_one_half-15d750bd1b332b34c6e70b077ebbccdf">
.flex_column.av-av_one_half-15d750bd1b332b34c6e70b077ebbccdf{
border-radius:0px 0px 0px 0px;
padding:0px 0px 0px 0px;
}
</style>
<div  class='flex_column av-av_one_half-15d750bd1b332b34c6e70b077ebbccdf av_one_half  avia-builder-el-1  el_after_av_slideshow_full  el_before_av_one_half  avia-builder-el-first  first flex_column_div av-zero-column-padding  '     ><article  class='iconbox iconbox_top av-av_icon_box-0000e181533b844b9add1b6b91a39126  avia-builder-el-2  avia-builder-el-no-sibling  main_color'  itemscope="itemscope" itemtype="https://schema.org/CreativeWork" ><div class="iconbox_content"><header class="entry-content-header" aria-label="Icon: INFOS AUSFLUG EGOLA"><div class="iconbox_icon heading-color" aria-hidden='true' data-av_icon='' data-av_iconfont='entypo-fontello'></div><h3 class='iconbox_content_title '  itemprop="headline" >INFOS AUSFLUG EGOLA</h3></header><div class='iconbox_content_container '  itemprop="text" ><p style="text-align: center;"><strong>Geplanter Tag</strong>: Dienstag</p>
<p><strong>Buchungsbestätigung bis</strong>: Montag 10:00 Uhr</p>
<p><strong>Min. – Max. Teilnehmer</strong>: 6-20</p>
<p><strong>Altersgrenze</strong>: min. 10 Jahre</p>
<p><strong>Preis</strong>: 13 € pro Person<br />
___________________________________</p>
<p><strong>Treffpunkt</strong>: Montaione – Piazza Gramsci 09:00 Uhr</p>
<p><strong>Dauer</strong>: 2,5 / 3 Stunden ca.</p>
<p><strong>Entfernung</strong>: ca. 9 km</p>
<p><strong>Schwierigkeitsgrad</strong>: Mittelschwer</p>
<p><strong>Höhe</strong>: ca. 260 Meter</p>
<p><strong>Was Sie brauchen werden</strong>: Feste Schuhe, Sonnencreme, Trinkwasser (1,5 Liter pro Person), etwas energiespendendes zu essen.</p>
</div></div><footer class="entry-footer"></footer></article></div>

<style type="text/css" data-created_by="avia_inline_auto" id="style-css-av-av_one_half-c8fc129dc35fd1ae2a1e410224d39ea8">
.flex_column.av-av_one_half-c8fc129dc35fd1ae2a1e410224d39ea8{
border-radius:0px 0px 0px 0px;
padding:0px 0px 0px 0px;
}
</style>
<div  class='flex_column av-av_one_half-c8fc129dc35fd1ae2a1e410224d39ea8 av_one_half  avia-builder-el-3  el_after_av_one_half  avia-builder-el-last  flex_column_div av-zero-column-padding  '     ><section  class='av_textblock_section av-lgwny386-dd593c4e2c42dee05bae639eeead48dd '   itemscope="itemscope" itemtype="https://schema.org/CreativeWork" ><div class='avia_textblock'  itemprop="text" ><h3 style="text-align: center;">BESCHREIBUNG DER TOUR</h3>
<p>Treffpunkt ist der Parkplatz in Montaione, Piazza Gramsci, hier könne Sie auch das Auto parken. Wir treffen uns Dienstag um 9.00 Uhr.<br />
Wir werden eine <strong>Entfernung von insgesamt ca. 9 km</strong> zurücklegen, in ca. 3 Stunden. Der größte Teil der Wanderung verläuft über schattige Wege. Deswegen ist dieser Ausflug selbst im Hochsommer auch für wenig erfahrene Teilnehmer geeignet. Trotzdem empfehlen wir starke Schuhe.<br />
Von unserem Treffpunkt aus laufen wir bergab bis zum <strong>Fluss Egola</strong> und lassen das Dorf hinter uns, ein Weg der an typischen, toskanischen Olivenhainen vorbeiführt. Nachdem wir das <strong>Tal des Egola</strong> erreicht haben, gehen wir am Flussufer entlang. Wir werden den Fluss ein paar Mal durchqueren und <strong>die ruhige Natur ringsum genießen</strong>. Im Sommer fließt zwar weniger Wasser als im <strong><a href="https://www.belmontevacanze.com/de/fruehling-in-der-toskana/">Frühling</a></strong> und im <strong><a href="https://www.belmontevacanze.com/de/toskana-im-herbst/">Herbst</a></strong>, aber die Atmosphäre und der besondere Charakter des Ausflugs bleiben, besonders dank der <strong>einzigartigen Flora und Fauna</strong> dieser Umgebung.<br />
Nach einer Strecke bergauf erreichen wir die <strong>römische Zisterne</strong>, eine wichtige archäologische Stätte von Montaione. Von hier aus kann man einen der besten Panoramablicke über das Dorf und dessen Umgebung genießen. Wir kehren über einen anderen Weg zurück, dieser führt durch unsere Eichenwälder. Nur die letzte Strecke ist auf Asphalt, bis zum Kreisverkehr von Montaione. Von hier aus erreichen wir den Startpunkt in nur 15 Minuten wieder. Um uns das Ende des Ausflugs zu versüßen können wir in Montaione noch <strong>ein Eis oder einen Cappuccino zusammen genießen</strong>.</p>
</div></section></div>
