{"id":4586,"date":"2020-01-09T11:54:04","date_gmt":"2020-01-09T10:54:04","guid":{"rendered":"https:\/\/www.belmontevacanze.com\/firenze-e-i-5-sensi\/"},"modified":"2020-01-23T18:32:22","modified_gmt":"2020-01-23T17:32:22","slug":"florenz-5-sinne","status":"publish","type":"page","link":"https:\/\/www.belmontevacanze.com\/de\/florenz-5-sinne\/","title":{"rendered":"FLORENZ UND DIE 5 SINNE"},"content":{"rendered":"<div id='full_slider_1'  class='avia-fullwidth-slider main_color avia-shadow   avia-builder-el-0  el_before_av_one_half  avia-builder-el-first   container_wrap fullsize'  ><div  class='avia-slideshow av-av_slideshow_full-32de997090c749a8c82b86d1ff824dd4 avia-slideshow-featured av_slideshow_full avia-slide-slider av-slideshow-ui av-control-default av-slideshow-manual av-loop-once av-loop-manual-endless av-default-height-applied   avia-slideshow-1' data-slideshow-options=\"{&quot;animation&quot;:&quot;slide&quot;,&quot;autoplay&quot;:false,&quot;loop_autoplay&quot;:&quot;once&quot;,&quot;interval&quot;:5,&quot;loop_manual&quot;:&quot;manual-endless&quot;,&quot;autoplay_stopper&quot;:false,&quot;noNavigation&quot;:false,&quot;bg_slider&quot;:false,&quot;keep_padding&quot;:false,&quot;hoverpause&quot;:false,&quot;show_slide_delay&quot;:0}\"  itemprop=\"image\" itemscope=\"itemscope\" itemtype=\"https:\/\/schema.org\/ImageObject\" ><ul class='avia-slideshow-inner ' style='padding-bottom: 30.714285714286%;'><li  class='avia-slideshow-slide av-av_slideshow_full-32de997090c749a8c82b86d1ff824dd4__0  av-single-slide slide-1 slide-odd'><div data-rel='slideshow-1' class='avia-slide-wrap '   ><img decoding=\"async\" fetchpriority=\"high\" class=\"wp-image-4405 avia-img-lazy-loading-not-4405\"  src=\"https:\/\/www.belmontevacanze.com\/wp-content\/uploads\/2020\/01\/217-08-14439Ponte_Vecchio_Firenze-1400x430.jpg\" width=\"1400\" height=\"430\" title='217-08-14439Ponte_Vecchio_Firenze' alt=''  itemprop=\"thumbnailUrl\"   \/><\/div><\/li><\/ul><\/div><\/div><div id='after_full_slider_1'  class='main_color av_default_container_wrap container_wrap fullsize'  ><div class='container av-section-cont-open' ><div class='template-page content  av-content-full alpha units'><div class='post-entry post-entry-type-page post-entry-4586'><div class='entry-content-wrapper clearfix'>\n\n<style type=\"text\/css\" data-created_by=\"avia_inline_auto\" id=\"style-css-av-av_one_half-15d750bd1b332b34c6e70b077ebbccdf\">\n.flex_column.av-av_one_half-15d750bd1b332b34c6e70b077ebbccdf{\nborder-radius:0px 0px 0px 0px;\npadding:0px 0px 0px 0px;\n}\n<\/style>\n<div  class='flex_column av-av_one_half-15d750bd1b332b34c6e70b077ebbccdf av_one_half  avia-builder-el-1  el_after_av_slideshow_full  el_before_av_one_half  avia-builder-el-first  first flex_column_div av-zero-column-padding  '     ><article  class='iconbox iconbox_top av-av_icon_box-be5de892b4c613dedce563ad9d3110dc  avia-builder-el-2  avia-builder-el-no-sibling  main_color'  itemscope=\"itemscope\" itemtype=\"https:\/\/schema.org\/CreativeWork\" ><div class=\"iconbox_content\"><header class=\"entry-content-header\" aria-label=\"Icon: INFOS TOUR FLORENZ\"><div class=\"iconbox_icon heading-color\" aria-hidden='true' data-av_icon='\ue81f' data-av_iconfont='entypo-fontello'><\/div><h3 class='iconbox_content_title '  itemprop=\"headline\" >INFOS TOUR FLORENZ<\/h3><\/header><div class='iconbox_content_container '  itemprop=\"text\" ><p><strong>Geplanter Tag<\/strong>: Freitag<\/p>\n<p>Buchungsbest\u00e4tigung bis: Dienstag 17:00 Uhr<\/p>\n<p><strong>Min. \u2013 Max. Teilnehmer<\/strong>: 8-15<\/p>\n<p><strong>Altersgrenze<\/strong>: min. 8 Jahre<\/p>\n<p><strong>Preis<\/strong>: 25 \u20ac pro Person (die Zugfahrt ist nicht inbegriffen und kostet 11,60 \u20ac)<br \/>\n___________________________________<\/p>\n<p><strong>Treffpunkt<\/strong>: Bahnhof Castelfiorentino, der Zug startet um 09.06 Uhr<\/p>\n<p><strong>Dauer<\/strong>: 3 Stunden ca.<\/p>\n<p><strong>Entfernung<\/strong>: ca. 3 km<\/p>\n<p><strong>Schwierigkeitsgrad<\/strong>: Einfach, f\u00fcr die ganze Familie<\/p>\n<\/div><\/div><footer class=\"entry-footer\"><\/footer><\/article><\/div>\n<style type=\"text\/css\" data-created_by=\"avia_inline_auto\" id=\"style-css-av-av_one_half-c8fc129dc35fd1ae2a1e410224d39ea8\">\n.flex_column.av-av_one_half-c8fc129dc35fd1ae2a1e410224d39ea8{\nborder-radius:0px 0px 0px 0px;\npadding:0px 0px 0px 0px;\n}\n<\/style>\n<div  class='flex_column av-av_one_half-c8fc129dc35fd1ae2a1e410224d39ea8 av_one_half  avia-builder-el-3  el_after_av_one_half  avia-builder-el-last  flex_column_div av-zero-column-padding  '     ><section  class='av_textblock_section av-av_textblock-2de302bf1aa3cf4c9157dbe6f50ac7eb '   itemscope=\"itemscope\" itemtype=\"https:\/\/schema.org\/CreativeWork\" ><div class='avia_textblock'  itemprop=\"text\" ><h3 style=\"text-align: center;\">BESCHREIBUNG DER TOUR<\/h3>\n<p>Diese <strong>Spaziertour basiert auf Erlebnisse<\/strong>.<br \/>\nDie Teilnehmer werden Ihre f\u00fcnf Sinne brauchen um die Stadt Florenz kennen zu lernen:<br \/>\n<strong>Geruch<\/strong>: Wir beginnen mit der \u201c<strong>Farmacia di Santa Maria Novella<\/strong>\u201d (die Apotheke der Santa Maria Novella), hier riecht man noch die <strong>D\u00fcfte der Seifen<\/strong>, die seit dem XIII Jh. von <strong>Franziskanern<\/strong> hergestellt werden, damals wie heute.<\/p>\n<p><strong>Geh\u00f6r<\/strong>: Lauschen wir den <strong>Glocken und den Ger\u00e4uschen<\/strong> der Stadt am Domplatz.<\/p>\n<p><strong>Sehen<\/strong>: Wir werden durch die engen Gassen der Altstadt spazieren gehen, an hohen, mittelalterlichen <strong>T\u00fcrmen und Palazzi der Renaissance<\/strong> vorbei. Wir vordern Ihre Sehkraft heraus um versteckte Details zu finden und die Wappen der antiken und wichtigen Familien zu finden.<\/p>\n<p><strong>Tastsinn<\/strong>: Wir werden in den <strong>Werkst\u00e4tten mancher Handwerker halten<\/strong> (wenn es die \u00d6ffnungszeiten erlauben). Dort lernen wir wie man noch heute Papier dekoriert oder Goldm\u00fcnzen pr\u00e4gt.<\/p>\n<p><strong>Geschmack<\/strong>: Wir enden mit einer <strong>Eisprobe<\/strong> in einer bekannten Eisdiele, und zwar <strong>mit verbundenen Augen<\/strong>! Sind Sie in der Lage die verschiedenen Geschmacksrichtungen zu erkennen auch ohne sie zu sehen?<\/p>\n<p>W\u00e4hrend unseren Spaziergangs haben wir die M\u00f6glichkeit manche der wichtigsten Orte der \u201c<strong>Wiege der Renaissanc<\/strong>e\u201d zu besichtigen: Piazza Santa Maria Novella, Piazza del Duomo mit seiner <strong>eleganten und imposanten Kuppel<\/strong> (1294 geplant), Piazza della Signoria wo wir den Neptunbrunnen bewundern werden, die Loggia dei Lanzi und die <strong>Uffizien<\/strong> werden Sie anlocken, und <strong>Ponte Vecchio<\/strong>, die bekannteste Br\u00fccke von Florenz, ein Symbol der Stadt.<\/p>\n<\/div><\/section><\/div><\/p>\n","protected":false},"excerpt":{"rendered":"","protected":false},"author":3,"featured_media":0,"parent":0,"menu_order":0,"comment_status":"closed","ping_status":"closed","template":"","meta":{"footnotes":""},"class_list":["post-4586","page","type-page","status-publish","hentry"],"_links":{"self":[{"href":"https:\/\/www.belmontevacanze.com\/de\/wp-json\/wp\/v2\/pages\/4586","targetHints":{"allow":["GET"]}}],"collection":[{"href":"https:\/\/www.belmontevacanze.com\/de\/wp-json\/wp\/v2\/pages"}],"about":[{"href":"https:\/\/www.belmontevacanze.com\/de\/wp-json\/wp\/v2\/types\/page"}],"author":[{"embeddable":true,"href":"https:\/\/www.belmontevacanze.com\/de\/wp-json\/wp\/v2\/users\/3"}],"replies":[{"embeddable":true,"href":"https:\/\/www.belmontevacanze.com\/de\/wp-json\/wp\/v2\/comments?post=4586"}],"version-history":[{"count":2,"href":"https:\/\/www.belmontevacanze.com\/de\/wp-json\/wp\/v2\/pages\/4586\/revisions"}],"predecessor-version":[{"id":10632,"href":"https:\/\/www.belmontevacanze.com\/de\/wp-json\/wp\/v2\/pages\/4586\/revisions\/10632"}],"wp:attachment":[{"href":"https:\/\/www.belmontevacanze.com\/de\/wp-json\/wp\/v2\/media?parent=4586"}],"curies":[{"name":"wp","href":"https:\/\/api.w.org\/{rel}","templated":true}]}}

<div id='full_slider_1'  class='avia-fullwidth-slider main_color avia-shadow   avia-builder-el-0  el_before_av_one_half  avia-builder-el-first   container_wrap fullsize'  ><div  class='avia-slideshow av-av_slideshow_full-32de997090c749a8c82b86d1ff824dd4 avia-slideshow-featured av_slideshow_full avia-slide-slider av-slideshow-ui av-control-default av-slideshow-manual av-loop-once av-loop-manual-endless av-default-height-applied   avia-slideshow-1' data-slideshow-options="{&quot;animation&quot;:&quot;slide&quot;,&quot;autoplay&quot;:false,&quot;loop_autoplay&quot;:&quot;once&quot;,&quot;interval&quot;:5,&quot;loop_manual&quot;:&quot;manual-endless&quot;,&quot;autoplay_stopper&quot;:false,&quot;noNavigation&quot;:false,&quot;bg_slider&quot;:false,&quot;keep_padding&quot;:false,&quot;hoverpause&quot;:false,&quot;show_slide_delay&quot;:0}"  itemprop="image" itemscope="itemscope" itemtype="https://schema.org/ImageObject" ><ul class='avia-slideshow-inner ' style='padding-bottom: 30.714285714286%;'><li  class='avia-slideshow-slide av-av_slideshow_full-32de997090c749a8c82b86d1ff824dd4__0  av-single-slide slide-1 slide-odd'><div data-rel='slideshow-1' class='avia-slide-wrap '   ><img decoding="async" fetchpriority="high" class="wp-image-4405 avia-img-lazy-loading-not-4405"  src="https://www.belmontevacanze.com/wp-content/uploads/2020/01/217-08-14439Ponte_Vecchio_Firenze-1400x430.jpg" width="1400" height="430" title='217-08-14439Ponte_Vecchio_Firenze' alt=''  itemprop="thumbnailUrl"   /></div></li></ul></div></div><div id='after_full_slider_1'  class='main_color av_default_container_wrap container_wrap fullsize'  ><div class='container av-section-cont-open' ><div class='template-page content  av-content-full alpha units'><div class='post-entry post-entry-type-page post-entry-4586'><div class='entry-content-wrapper clearfix'>

<style type="text/css" data-created_by="avia_inline_auto" id="style-css-av-av_one_half-15d750bd1b332b34c6e70b077ebbccdf">
.flex_column.av-av_one_half-15d750bd1b332b34c6e70b077ebbccdf{
border-radius:0px 0px 0px 0px;
padding:0px 0px 0px 0px;
}
</style>
<div  class='flex_column av-av_one_half-15d750bd1b332b34c6e70b077ebbccdf av_one_half  avia-builder-el-1  el_after_av_slideshow_full  el_before_av_one_half  avia-builder-el-first  first flex_column_div av-zero-column-padding  '     ><article  class='iconbox iconbox_top av-av_icon_box-be5de892b4c613dedce563ad9d3110dc  avia-builder-el-2  avia-builder-el-no-sibling  main_color'  itemscope="itemscope" itemtype="https://schema.org/CreativeWork" ><div class="iconbox_content"><header class="entry-content-header" aria-label="Icon: INFOS TOUR FLORENZ"><div class="iconbox_icon heading-color" aria-hidden='true' data-av_icon='' data-av_iconfont='entypo-fontello'></div><h3 class='iconbox_content_title '  itemprop="headline" >INFOS TOUR FLORENZ</h3></header><div class='iconbox_content_container '  itemprop="text" ><p><strong>Geplanter Tag</strong>: Freitag</p>
<p>Buchungsbestätigung bis: Dienstag 17:00 Uhr</p>
<p><strong>Min. – Max. Teilnehmer</strong>: 8-15</p>
<p><strong>Altersgrenze</strong>: min. 8 Jahre</p>
<p><strong>Preis</strong>: 25 € pro Person (die Zugfahrt ist nicht inbegriffen und kostet 11,60 €)<br />
___________________________________</p>
<p><strong>Treffpunkt</strong>: Bahnhof Castelfiorentino, der Zug startet um 09.06 Uhr</p>
<p><strong>Dauer</strong>: 3 Stunden ca.</p>
<p><strong>Entfernung</strong>: ca. 3 km</p>
<p><strong>Schwierigkeitsgrad</strong>: Einfach, für die ganze Familie</p>
</div></div><footer class="entry-footer"></footer></article></div>
<style type="text/css" data-created_by="avia_inline_auto" id="style-css-av-av_one_half-c8fc129dc35fd1ae2a1e410224d39ea8">
.flex_column.av-av_one_half-c8fc129dc35fd1ae2a1e410224d39ea8{
border-radius:0px 0px 0px 0px;
padding:0px 0px 0px 0px;
}
</style>
<div  class='flex_column av-av_one_half-c8fc129dc35fd1ae2a1e410224d39ea8 av_one_half  avia-builder-el-3  el_after_av_one_half  avia-builder-el-last  flex_column_div av-zero-column-padding  '     ><section  class='av_textblock_section av-av_textblock-2de302bf1aa3cf4c9157dbe6f50ac7eb '   itemscope="itemscope" itemtype="https://schema.org/CreativeWork" ><div class='avia_textblock'  itemprop="text" ><h3 style="text-align: center;">BESCHREIBUNG DER TOUR</h3>
<p>Diese <strong>Spaziertour basiert auf Erlebnisse</strong>.<br />
Die Teilnehmer werden Ihre fünf Sinne brauchen um die Stadt Florenz kennen zu lernen:<br />
<strong>Geruch</strong>: Wir beginnen mit der “<strong>Farmacia di Santa Maria Novella</strong>” (die Apotheke der Santa Maria Novella), hier riecht man noch die <strong>Düfte der Seifen</strong>, die seit dem XIII Jh. von <strong>Franziskanern</strong> hergestellt werden, damals wie heute.</p>
<p><strong>Gehör</strong>: Lauschen wir den <strong>Glocken und den Geräuschen</strong> der Stadt am Domplatz.</p>
<p><strong>Sehen</strong>: Wir werden durch die engen Gassen der Altstadt spazieren gehen, an hohen, mittelalterlichen <strong>Türmen und Palazzi der Renaissance</strong> vorbei. Wir vordern Ihre Sehkraft heraus um versteckte Details zu finden und die Wappen der antiken und wichtigen Familien zu finden.</p>
<p><strong>Tastsinn</strong>: Wir werden in den <strong>Werkstätten mancher Handwerker halten</strong> (wenn es die Öffnungszeiten erlauben). Dort lernen wir wie man noch heute Papier dekoriert oder Goldmünzen prägt.</p>
<p><strong>Geschmack</strong>: Wir enden mit einer <strong>Eisprobe</strong> in einer bekannten Eisdiele, und zwar <strong>mit verbundenen Augen</strong>! Sind Sie in der Lage die verschiedenen Geschmacksrichtungen zu erkennen auch ohne sie zu sehen?</p>
<p>Während unseren Spaziergangs haben wir die Möglichkeit manche der wichtigsten Orte der “<strong>Wiege der Renaissanc</strong>e” zu besichtigen: Piazza Santa Maria Novella, Piazza del Duomo mit seiner <strong>eleganten und imposanten Kuppel</strong> (1294 geplant), Piazza della Signoria wo wir den Neptunbrunnen bewundern werden, die Loggia dei Lanzi und die <strong>Uffizien</strong> werden Sie anlocken, und <strong>Ponte Vecchio</strong>, die bekannteste Brücke von Florenz, ein Symbol der Stadt.</p>
</div></section></div></p>
